{"id":7723,"date":"2023-01-17T03:23:40","date_gmt":"2023-01-17T03:23:40","guid":{"rendered":"https:\/\/www.gobbetto.com\/?post_type=product&#038;p=7723"},"modified":"2024-11-24T18:35:30","modified_gmt":"2024-11-24T17:35:30","slug":"corso-online-posatori-professionali","status":"publish","type":"product","link":"https:\/\/www.gobbetto.com\/e-shop\/corsi-gobbetto-academy\/corso-online-posatori-professionali","title":{"rendered":"Corso posatori professionali online"},"content":{"rendered":"<p>Un corso avanzato per chi vuole approfondire le tecniche di resinatura e per i posatori professionisti. Un concentrato di informazioni teoriche e pratiche sulla posa del microcemento e della microresina, con video teorici e dimostrativi che introdurranno alla comprensione dei cicli applicativi, alla preparazione dei fondi e alle tipologie di materiali.<\/p>\r\n<p>Il corso \u00e8 on demand ed \u00e8 modulato su una parte teorica &#8211; dedicata alla descrizione dettagliata e tecnica dei prodotti &#8211;\u00a0 e una parte tecnica con video dimostrativi per approfondire le problematiche dei fondi e le soluzioni pi\u00f9 appropriate con riferimento ai diversi supporti da resinare,\u00a0spiegazione dei diversi cicli applicativi degli stucchi in resina e le varie attrezzature da utilizzare.<br \/>\r\nLa parte tecnica sar\u00e0 spiegata e illustrata da un Maestro che guider\u00e0 i partecipanti passo per passo nella sperimentazione delle diverse possibilit\u00e0 applicative. Con l\u2019acquisto del corso \u00e8 compreso il kit di resine \u201cfai da te\u201d.<br \/>\r\nA fine corso, potrete inviare la foto del vostro campione per poter ricevere l\u2019attestato di frequenza Gobbetto<\/p>\r\n<p><strong>Programma del corso<\/strong><\/p>\r\n<p><strong>Sessione Teorica<\/strong><\/p>\r\n<ul>\r\n\t<li>Le differenza tra microcemento e microresina<\/li>\r\n\t<li>La descrizione dei cicli applicativi<\/li>\r\n\t<li>La descrizione dettagliata dei materiali e le loro specifiche funzioni<\/li>\r\n\t<li>La preparazione dei fondi<\/li>\r\n\t<li>L\u2019applicazione della rete e della fibra di vetro<\/li>\r\n\t<li>La preparazione su piastrelle<\/li>\r\n\t<li>Le attrezzature<\/li>\r\n<\/ul>\r\n<p><strong>Sessione Pratica con Video<\/strong><\/p>\r\n<ul>\r\n\t<li>Ciclo applicativo completo microcemento su base Dibond 3&#215;1,5 mt<\/li>\r\n\t<li>Ciclo applicativo completo microresine su base Dibond 3&#215;1,5mt<\/li>\r\n\t<li>Applicazione fondo autolivellante di base<\/li>\r\n\t<li>Posa della rete e della fibra di vetro<\/li>\r\n<\/ul>\r\n<p><strong>Materiali utilizzati:<\/strong><\/p>\r\n<p>Dega PrimerStabil RT<br \/>\r\nRasante dega Monosint<br \/>\r\nDega stucco<br \/>\r\nDega rock 25<br \/>\r\nDega gamma eco TR<br \/>\r\nDega gamma da spolvero<br \/>\r\nDega Brek opaca<\/p>","protected":false},"excerpt":{"rendered":"<p>Un corso avanzato per chi vuole approfondire le tecniche di resinatura e per i posatori professionisti. Un concentrato di informazioni teoriche e pratiche sulla posa del microcemento e della microresina, con video teorici e dimostrativi che introdurranno alla comprensione dei cicli applicativi, alla preparazione dei fondi e alle tipologie di materiali. Il corso \u00e8 on [&hellip;]<\/p>\n","protected":false},"featured_media":7728,"template":"","meta":{"_et_pb_use_builder":"","_et_pb_old_content":"","_et_gb_content_width":""},"product_brand":[],"product_cat":[47],"product_tag":[],"class_list":{"0":"post-7723","1":"product","2":"type-product","3":"status-publish","4":"has-post-thumbnail","6":"product_cat-corsi-gobbetto-academy","8":"first","9":"instock","10":"taxable","11":"shipping-taxable","12":"purchasable","13":"product-type-simple"},"yoast_head":"<!-- This site is optimized with the Yoast SEO plugin v25.0 - https:\/\/yoast.com\/wordpress\/plugins\/seo\/ -->\n<title>Corso posatori professionali online - Gobbetto<\/title>\n<meta name=\"robots\" content=\"index, follow, max-snippet:-1, max-image-preview:large, max-video-preview:-1\" \/>\n<link rel=\"canonical\" href=\"https:\/\/www.gobbetto.com\/e-shop\/corsi-gobbetto-academy\/corso-online-posatori-professionali\" \/>\n<meta property=\"og:locale\" content=\"it_IT\" \/>\n<meta property=\"og:type\" content=\"article\" \/>\n<meta property=\"og:title\" content=\"Corso posatori professionali online - Gobbetto\" \/>\n<meta property=\"og:description\" content=\"Un corso avanzato per chi vuole approfondire le tecniche di resinatura e per i posatori professionisti. Un concentrato di informazioni teoriche e pratiche sulla posa del microcemento e della microresina, con video teorici e dimostrativi che introdurranno alla comprensione dei cicli applicativi, alla preparazione dei fondi e alle tipologie di materiali. Il corso \u00e8 on [&hellip;]\" \/>\n<meta property=\"og:url\" content=\"https:\/\/www.gobbetto.com\/e-shop\/corsi-gobbetto-academy\/corso-online-posatori-professionali\" \/>\n<meta property=\"og:site_name\" content=\"Gobbetto\" \/>\n<meta property=\"article:publisher\" content=\"https:\/\/www.facebook.com\/gobbettoresine\" \/>\n<meta property=\"article:modified_time\" content=\"2024-11-24T17:35:30+00:00\" \/>\n<meta property=\"og:image\" content=\"https:\/\/www.gobbetto.com\/wp-content\/uploads\/2023\/01\/1.-foto-apertura-corso-.jpg\" \/>\n\t<meta property=\"og:image:width\" content=\"800\" \/>\n\t<meta property=\"og:image:height\" content=\"1200\" \/>\n\t<meta property=\"og:image:type\" content=\"image\/jpeg\" \/>\n<meta name=\"twitter:card\" content=\"summary_large_image\" \/>\n<meta name=\"twitter:label1\" content=\"Tempo di lettura stimato\" \/>\n\t<meta name=\"twitter:data1\" content=\"2 minuti\" \/>\n<script type=\"application\/ld+json\" class=\"yoast-schema-graph\">{\"@context\":\"https:\/\/schema.org\",\"@graph\":[{\"@type\":\"WebPage\",\"@id\":\"https:\/\/www.gobbetto.com\/e-shop\/corsi-gobbetto-academy\/corso-online-posatori-professionali\",\"url\":\"https:\/\/www.gobbetto.com\/e-shop\/corsi-gobbetto-academy\/corso-online-posatori-professionali\",\"name\":\"Corso posatori professionali online - Gobbetto\",\"isPartOf\":{\"@id\":\"https:\/\/www.gobbetto.com\/#website\"},\"primaryImageOfPage\":{\"@id\":\"https:\/\/www.gobbetto.com\/e-shop\/corsi-gobbetto-academy\/corso-online-posatori-professionali#primaryimage\"},\"image\":{\"@id\":\"https:\/\/www.gobbetto.com\/e-shop\/corsi-gobbetto-academy\/corso-online-posatori-professionali#primaryimage\"},\"thumbnailUrl\":\"https:\/\/www.gobbetto.com\/wp-content\/uploads\/2023\/01\/1.-foto-apertura-corso-.jpg\",\"datePublished\":\"2023-01-17T03:23:40+00:00\",\"dateModified\":\"2024-11-24T17:35:30+00:00\",\"breadcrumb\":{\"@id\":\"https:\/\/www.gobbetto.com\/e-shop\/corsi-gobbetto-academy\/corso-online-posatori-professionali#breadcrumb\"},\"inLanguage\":\"it-IT\",\"potentialAction\":[{\"@type\":\"ReadAction\",\"target\":[\"https:\/\/www.gobbetto.com\/e-shop\/corsi-gobbetto-academy\/corso-online-posatori-professionali\"]}]},{\"@type\":\"ImageObject\",\"inLanguage\":\"it-IT\",\"@id\":\"https:\/\/www.gobbetto.com\/e-shop\/corsi-gobbetto-academy\/corso-online-posatori-professionali#primaryimage\",\"url\":\"https:\/\/www.gobbetto.com\/wp-content\/uploads\/2023\/01\/1.-foto-apertura-corso-.jpg\",\"contentUrl\":\"https:\/\/www.gobbetto.com\/wp-content\/uploads\/2023\/01\/1.-foto-apertura-corso-.jpg\",\"width\":800,\"height\":1200},{\"@type\":\"BreadcrumbList\",\"@id\":\"https:\/\/www.gobbetto.com\/e-shop\/corsi-gobbetto-academy\/corso-online-posatori-professionali#breadcrumb\",\"itemListElement\":[{\"@type\":\"ListItem\",\"position\":1,\"name\":\"Home\",\"item\":\"https:\/\/www.gobbetto.com\/\"},{\"@type\":\"ListItem\",\"position\":2,\"name\":\"E-Shop\",\"item\":\"https:\/\/www.gobbetto.com\/e-shop\"},{\"@type\":\"ListItem\",\"position\":3,\"name\":\"Corsi Gobbetto Academy\",\"item\":\"https:\/\/www.gobbetto.com\/?product_cat=corsi-gobbetto-academy\"},{\"@type\":\"ListItem\",\"position\":4,\"name\":\"Corso posatori professionali online\"}]},{\"@type\":\"WebSite\",\"@id\":\"https:\/\/www.gobbetto.com\/#website\",\"url\":\"https:\/\/www.gobbetto.com\/\",\"name\":\"Gobbetto\",\"description\":\"Pavimenti e rivestimenti in resina\",\"publisher\":{\"@id\":\"https:\/\/www.gobbetto.com\/#organization\"},\"potentialAction\":[{\"@type\":\"SearchAction\",\"target\":{\"@type\":\"EntryPoint\",\"urlTemplate\":\"https:\/\/www.gobbetto.com\/?s={search_term_string}\"},\"query-input\":{\"@type\":\"PropertyValueSpecification\",\"valueRequired\":true,\"valueName\":\"search_term_string\"}}],\"inLanguage\":\"it-IT\"},{\"@type\":\"Organization\",\"@id\":\"https:\/\/www.gobbetto.com\/#organization\",\"name\":\"Gobbetto Srl\",\"url\":\"https:\/\/www.gobbetto.com\/\",\"logo\":{\"@type\":\"ImageObject\",\"inLanguage\":\"it-IT\",\"@id\":\"https:\/\/www.gobbetto.com\/#\/schema\/logo\/image\/\",\"url\":\"https:\/\/www.gobbetto.com\/wp-content\/uploads\/2023\/02\/cropped-favicon-gobbetto-cut.png\",\"contentUrl\":\"https:\/\/www.gobbetto.com\/wp-content\/uploads\/2023\/02\/cropped-favicon-gobbetto-cut.png\",\"width\":512,\"height\":512,\"caption\":\"Gobbetto Srl\"},\"image\":{\"@id\":\"https:\/\/www.gobbetto.com\/#\/schema\/logo\/image\/\"},\"sameAs\":[\"https:\/\/www.facebook.com\/gobbettoresine\",\"https:\/\/www.instagram.com\/gobbettoresine\/\",\"https:\/\/www.youtube.com\/user\/ResinaGobbetto\"]}]}<\/script>\n<!-- \/ Yoast SEO plugin. -->","yoast_head_json":{"title":"Corso posatori professionali online - Gobbetto","robots":{"index":"index","follow":"follow","max-snippet":"max-snippet:-1","max-image-preview":"max-image-preview:large","max-video-preview":"max-video-preview:-1"},"canonical":"https:\/\/www.gobbetto.com\/e-shop\/corsi-gobbetto-academy\/corso-online-posatori-professionali","og_locale":"it_IT","og_type":"article","og_title":"Corso posatori professionali online - Gobbetto","og_description":"Un corso avanzato per chi vuole approfondire le tecniche di resinatura e per i posatori professionisti. Un concentrato di informazioni teoriche e pratiche sulla posa del microcemento e della microresina, con video teorici e dimostrativi che introdurranno alla comprensione dei cicli applicativi, alla preparazione dei fondi e alle tipologie di materiali. Il corso \u00e8 on [&hellip;]","og_url":"https:\/\/www.gobbetto.com\/e-shop\/corsi-gobbetto-academy\/corso-online-posatori-professionali","og_site_name":"Gobbetto","article_publisher":"https:\/\/www.facebook.com\/gobbettoresine","article_modified_time":"2024-11-24T17:35:30+00:00","og_image":[{"width":800,"height":1200,"url":"https:\/\/www.gobbetto.com\/wp-content\/uploads\/2023\/01\/1.-foto-apertura-corso-.jpg","type":"image\/jpeg"}],"twitter_card":"summary_large_image","twitter_misc":{"Tempo di lettura stimato":"2 minuti"},"schema":{"@context":"https:\/\/schema.org","@graph":[{"@type":"WebPage","@id":"https:\/\/www.gobbetto.com\/e-shop\/corsi-gobbetto-academy\/corso-online-posatori-professionali","url":"https:\/\/www.gobbetto.com\/e-shop\/corsi-gobbetto-academy\/corso-online-posatori-professionali","name":"Corso posatori professionali online - Gobbetto","isPartOf":{"@id":"https:\/\/www.gobbetto.com\/#website"},"primaryImageOfPage":{"@id":"https:\/\/www.gobbetto.com\/e-shop\/corsi-gobbetto-academy\/corso-online-posatori-professionali#primaryimage"},"image":{"@id":"https:\/\/www.gobbetto.com\/e-shop\/corsi-gobbetto-academy\/corso-online-posatori-professionali#primaryimage"},"thumbnailUrl":"https:\/\/www.gobbetto.com\/wp-content\/uploads\/2023\/01\/1.-foto-apertura-corso-.jpg","datePublished":"2023-01-17T03:23:40+00:00","dateModified":"2024-11-24T17:35:30+00:00","breadcrumb":{"@id":"https:\/\/www.gobbetto.com\/e-shop\/corsi-gobbetto-academy\/corso-online-posatori-professionali#breadcrumb"},"inLanguage":"it-IT","potentialAction":[{"@type":"ReadAction","target":["https:\/\/www.gobbetto.com\/e-shop\/corsi-gobbetto-academy\/corso-online-posatori-professionali"]}]},{"@type":"ImageObject","inLanguage":"it-IT","@id":"https:\/\/www.gobbetto.com\/e-shop\/corsi-gobbetto-academy\/corso-online-posatori-professionali#primaryimage","url":"https:\/\/www.gobbetto.com\/wp-content\/uploads\/2023\/01\/1.-foto-apertura-corso-.jpg","contentUrl":"https:\/\/www.gobbetto.com\/wp-content\/uploads\/2023\/01\/1.-foto-apertura-corso-.jpg","width":800,"height":1200},{"@type":"BreadcrumbList","@id":"https:\/\/www.gobbetto.com\/e-shop\/corsi-gobbetto-academy\/corso-online-posatori-professionali#breadcrumb","itemListElement":[{"@type":"ListItem","position":1,"name":"Home","item":"https:\/\/www.gobbetto.com\/"},{"@type":"ListItem","position":2,"name":"E-Shop","item":"https:\/\/www.gobbetto.com\/e-shop"},{"@type":"ListItem","position":3,"name":"Corsi Gobbetto Academy","item":"https:\/\/www.gobbetto.com\/?product_cat=corsi-gobbetto-academy"},{"@type":"ListItem","position":4,"name":"Corso posatori professionali online"}]},{"@type":"WebSite","@id":"https:\/\/www.gobbetto.com\/#website","url":"https:\/\/www.gobbetto.com\/","name":"Gobbetto","description":"Pavimenti e rivestimenti in resina","publisher":{"@id":"https:\/\/www.gobbetto.com\/#organization"},"potentialAction":[{"@type":"SearchAction","target":{"@type":"EntryPoint","urlTemplate":"https:\/\/www.gobbetto.com\/?s={search_term_string}"},"query-input":{"@type":"PropertyValueSpecification","valueRequired":true,"valueName":"search_term_string"}}],"inLanguage":"it-IT"},{"@type":"Organization","@id":"https:\/\/www.gobbetto.com\/#organization","name":"Gobbetto Srl","url":"https:\/\/www.gobbetto.com\/","logo":{"@type":"ImageObject","inLanguage":"it-IT","@id":"https:\/\/www.gobbetto.com\/#\/schema\/logo\/image\/","url":"https:\/\/www.gobbetto.com\/wp-content\/uploads\/2023\/02\/cropped-favicon-gobbetto-cut.png","contentUrl":"https:\/\/www.gobbetto.com\/wp-content\/uploads\/2023\/02\/cropped-favicon-gobbetto-cut.png","width":512,"height":512,"caption":"Gobbetto Srl"},"image":{"@id":"https:\/\/www.gobbetto.com\/#\/schema\/logo\/image\/"},"sameAs":["https:\/\/www.facebook.com\/gobbettoresine","https:\/\/www.instagram.com\/gobbettoresine\/","https:\/\/www.youtube.com\/user\/ResinaGobbetto"]}]}},"_links":{"self":[{"href":"https:\/\/www.gobbetto.com\/index.php?rest_route=\/wp\/v2\/product\/7723","targetHints":{"allow":["GET"]}}],"collection":[{"href":"https:\/\/www.gobbetto.com\/index.php?rest_route=\/wp\/v2\/product"}],"about":[{"href":"https:\/\/www.gobbetto.com\/index.php?rest_route=\/wp\/v2\/types\/product"}],"wp:featuredmedia":[{"embeddable":true,"href":"https:\/\/www.gobbetto.com\/index.php?rest_route=\/wp\/v2\/media\/7728"}],"wp:attachment":[{"href":"https:\/\/www.gobbetto.com\/index.php?rest_route=%2Fwp%2Fv2%2Fmedia&parent=7723"}],"wp:term":[{"taxonomy":"product_brand","embeddable":true,"href":"https:\/\/www.gobbetto.com\/index.php?rest_route=%2Fwp%2Fv2%2Fproduct_brand&post=7723"},{"taxonomy":"product_cat","embeddable":true,"href":"https:\/\/www.gobbetto.com\/index.php?rest_route=%2Fwp%2Fv2%2Fproduct_cat&post=7723"},{"taxonomy":"product_tag","embeddable":true,"href":"https:\/\/www.gobbetto.com\/index.php?rest_route=%2Fwp%2Fv2%2Fproduct_tag&post=7723"}],"curies":[{"name":"wp","href":"https:\/\/api.w.org\/{rel}","templated":true}]}}